mber?
False
Is 2389351 a prime number?
True
Is 109297 a prime number?
True
Is 34583 prime?
True
Is 306727 a prime number?
True
Is 533 a composite number?
True
Is 2316057 composite?
True
Is 4661 a composite number?
True
Is 62209 composite?
True
Is 94747 prime?
True
Is 270371 composite?
False
Is 99205 a prime number?
False
Is 262 composite?
True
Is 40543 a composite number?
False
Is 16759 composite?
False
Is 24493 a composite number?
True
Is 1059101 composite?
True
Is 148279 composite?
False
Is 97627 a prime number?
False
Is 1204019 composite?
False
Is 20543 composite?
False
Is 30631 a composite number?
False
Is 408263 composite?
False
Is 18859 prime?
True
Is 1316099 composite?
False
Is 25621 a prime number?
True
Is 29039 a prime number?
False
Is 5623 composite?
False
Is 1657 prime?
True
Is 1306579 prime?
False
Is 32051 prime?
True
Is 36658 prime?
False
Is 91354 composite?
True
Is 117659 a prime number?
True
Is 40693 prime?
True
Is 172489 a prime number?
True
Is 39137 a prime number?
False
Is 256919 a composite number?
True
Is 105031 prime?
True
Is 1748047 a prime number?
False
Is 111193 prime?
False
Is 108247 composite?
False
Is 31957 a composite number?
False
Is 14981 prime?
False
Is 22027 composite?
False
Is 162389 prime?
True
Is 511117 composite?
True
Is 36605 a composite number?
True
Is 697009 composite?
False
Is 1657 a composite number?
False
Is 979289 prime?
False
Is 467 a prime number?
True
Is 339943 a prime number?
True
Is 53351 a composite number?
True
Is 6599 a prime number?
True
Is 667171 a prime number?
True
Is 51929 composite?
False
Is 15503 a prime number?
False
Is 477177 a composite number?
True
Is 1519241 a composite number?
True
Is 8197 composite?
True
Is 445387 a prime number?
False
Is 33149 a prime number?
True
Is 311393 a prime number?
True
Is 612601 prime?
False
Is 4201 prime?
True
Is 60394 a prime number?
False
Is 2827 a prime number?
False
Is 15071 a composite number?
True
Is 49587 a composite number?
True
Is 25261 composite?
False
Is 3791 a composite number?
True
Is 94687 prime?
True
Is 161 composite?
True
Is 288731 a composite number?
False
Is 39659 prime?
True
Is 2100031 a composite number?
False
Is 86987 prime?
False
Is 2603 a composite number?
True
Is 473971 prime?
True
Is 1561 a composite number?
True
Is 12031 composite?
True
Is 33049 prime?
True
Is 72829 a composite number?
True
Is 306749 a composite number?
False
Is 37918 composite?
True
Is 7401 a composite number?
True
Is 12097 a composite number?
False
Is 12097 a prime number?
True
Is 116257 a prime number?
True
Is 419 a composite number?
False
Is 430478 a prime number?
False
Is 53683 a prime number?
False
Is 19289 a prime number?
True
Is 241463 a prime number?
True
Is 11369 a prime number?
True
Is 84122 a composite number?
True
Is 165653 prime?
True
Is 628487 a composite number?
False
Is 4927 prime?
False
Is 750379 a composite number?
True
Is 49451 prime?
True
Is 1336701 prime?
False
Is 852685 prime?
False
Is 178681 a prime number?
True
Is 17519 composite?
False
Is 7162 a prime number?
False
Is 2561 prime?
False
Is 1361 a prime number?
True
Is 1185989 composite?
True
Is 992645 prime?
False
Is 43223 a prime number?
True
Is 1693 composite?
False
Is 5074961 a prime number?
True
Is 67699 composite?
False
Is 23429 prime?
False
Is 120619 prime?
True
Is 339811 composite?
False
Is 18167 a composite number?
True
Is 204641 composite?
False
Is 719 a composite number?
False
Is 46399 a prime number?
True
Is 146651 a composite number?
True
Is 244267 prime?
False
Is 16999 a prime number?
False
Is 8069 a prime number?
True
Is 157093 composite?
True
Is 17257 a composite number?
False
Is 170119 a prime number?
False
Is 546983 prime?
False
Is 1498027 prime?
True
Is 3589 prime?
False
Is 42611 a composite number?
False
Is 4162 composite?
True
Is 15227 a prime number?
True
Is 6389 prime?
True
Is 1420015 a prime number?
False
Is 188285 a prime number?
False
Is 1744681 a prime number?
False
Is 34205 a prime number?
False
Is 139739 a composite number?
False
Is 4915 composite?
True
Is 10061 a composite number?
False
Is 24133 prime?
True
Is 18527 a composite number?
True
Is 1523 prime?
True
Is 1090207 prime?
False
Is 200569 a prime number?
True
Is 41381 prime?
True
Is 59903 composite?
True
Is 2411 a prime number?
True
Is 1643 a prime number?
False
Is 15517 a prime number?
False
Is 481219 a prime number?
False
Is 403 a composite number?
True
Is 354247 composite?
False
Is 232637 composite?
True
Is 126779 a composite number?
True
Is 855119 prime?
True
Is 630847 prime?
False
Is 1171 composite?
False
Is 937361 prime?
False
Is 5027 composite?
True
Is 21059 a prime number?
True
Is 94201 a composite number?
False
Is 31029 a composite number?
True
Is 294659 a composite number?
False
Is 250489 a composite number?
False
Is 5758 prime?
False
Is 3498251 a composite number?
False
Is 9097 composite?
True
Is 305323 a prime number?
False
Is 129341 a composite number?
False
Is 78877 prime?
True
Is 1946899 a composite number?
False
Is 13939 composite?
True
Is 704393 prime?
True
Is 1596733 prime?
False
Is 2614969 a composite number?
True
Is 343495 a composite number?
True
Is 6637 a composite number?
False
Is 234229 composite?
True
Is 16487 prime?
True
Is 696455 a composite number?
True
Is 1086077 a prime number?
False
Is 4703 composite?
False
Is 111089 a prime number?
False
Is 5027 a prime number?
False
Is 39205 prime?
False
Is 7679 a prime number?
False
Is 53711 prime?
False
Is 326537 composite?
False
Is 20222 prime?
False
Is 212791 a prime number?
True
Is 4103 composite?
True
Is 993 prime?
False
Is 521551 a composite number?
False
Is 7057 prime?
True
Is 909433 a prime number?
False
Is 8545 composite?
True
Is 3563 prime?
False
Is 158093 a prime number?
False
Is 1399 a composite number?
False
Is 204433 a prime number?
False
Is 146282 a composite number?
True
Is 80387 composite?
False
Is 604171 prime?
True
Is 59335 prime?
False
Is 28889 a prime number?
False
Is 5534 composite?
True
Is 12763 a prime number?
True
Is 63221 composite?
True
Is 725035 composite?
True
Is 298101 prime?
False
Is 174035 a prime number?
False
Is 289607 prime?
True
Is 107591 prime?
False
Is 131869 a prime number?
False
Is 3719 composite?
False
Is 25793 composite?
False
Is 75871 composite?
True
Is 187951 prime?
True
Is 17783 prime?
True
Is 23227 composite?
False
Is 26281 a composite number?
True
Is 225139 a prime number?
False
Is 231269 a composite number?
False
Is 148481 a composite number?
True
Is 12587 prime?
False
Is 105509 a prime number?
True
Is 1000743 prime?
False
Is 668687 composite?
False
Is 3106837 composite?
False
Is 21977 prime?
True
Is 76421 prime?
True
Is 586142 a composite number?
True
Is 1401529 a prime number?
True
Is 5557 a composite number?
False
Is 12683 a prime number?
False
Is 1798687 a composite number?
True
Is 10033 composite?
True
Is 1867 composite?
False
Is 3343 prime?
True
Is 2631 prime?
False
Is 679 prime?
False
Is 4373 composite?
False
Is 28163 composite?
False
Is 44833 a prime number?
False
Is 65359 prime?
False
Is 20365 prime?
False
Is 154723 a composite number?
False
Is 820739 a prime number?
False
Is 3097 a composite number?
True
Is 276869 composite?
False
Is 142463 prime?
False
Is 190897 a composite number?
True
Is 35157 a prime number?
False
Is 13901 a composite number?
False
Is 110527 a composite number?
False
Is 11863 a prime number?
True
Is 622111 a prime number?
False
Is 4267 a prime number?
False
Is 962243 prime?
True
Is 8189 composite?
True
Is 1046863 prime?
True
Is 567311 a prime number?
False
Is 5407 prime?
True
Is 359573 a prime number?
False
Is 784487 a composite number?
True
Is 350783 a composite number?
False
Is 2741 a prime number?
True
Is 829 a prime number?
True
Is 71879 a composite number?
False
Is 155621 composite?
False
Is 120521 a prime number?
False
Is 167285 a prime number?
False
Is 8189 prime?
False
Is 101627 a prime number?
True
Is 7451 a composite number?
False
Is 22613 composite?
False
Is 323201 a composite number?
False
Is 49409 prime?
True
Is 2153 a composite number?
False
Is 18923 prime?
False
Is 4421 prime?
True
Is 61331 a prime number?
True
Is 40483 a composite number?
False
Is 201409 prime?
False
Is 828401 a composite number?
True
Is 15053 a prime number?
True
Is 379